e factors of 16061?
16061
List the prime factors of 32071.
13, 2467
List the prime factors of 28114.
2, 14057
What are the prime factors of 3526?
2, 41, 43
What are the prime factors of 47156?
2, 11789
List the prime factors of 5651.
5651
What are the prime factors of 8627?
8627
What are the prime factors of 128977?
101, 1277
List the prime factors of 779.
19, 41
List the prime factors of 66632.
2, 8329
What are the prime factors of 556?
2, 139
List the prime factors of 41481.
3, 11, 419
What are the prime factors of 395?
5, 79
What are the prime factors of 65402?
2, 53, 617
List the prime factors of 3908.
2, 977
What are the prime factors of 230?
2, 5, 23
What are the prime factors of 28392?
2, 3, 7, 13
What are the prime factors of 8256?
2, 3, 43
List the prime factors of 8958.
2, 3, 1493
List the prime factors of 12332.
2, 3083
What are the prime factors of 70840?
2, 5, 7, 11, 23
What are the prime factors of 2245?
5, 449
List the prime factors of 147904.
2, 2311
List the prime factors of 12995.
5, 23, 113
List the prime factors of 107407.
19, 5653
What are the prime factors of 10935?
3, 5
List the prime factors of 1328.
2, 83
What are the prime factors of 2106?
2, 3, 13
List the prime factors of 18509.
83, 223
What are the prime factors of 13256?
2, 1657
What are the prime factors of 19832?
2, 37, 67
What are the prime factors of 1234?
2, 617
What are the prime factors of 15063?
3, 5021
What are the prime factors of 3503?
31, 113
What are the prime factors of 9329?
19, 491
What are the prime factors of 2979?
3, 331
What are the prime factors of 7470?
2, 3, 5, 83
What are the prime factors of 88?
2, 11
List the prime factors of 20749.
20749
List the prime factors of 65442.
2, 3, 13, 839
What are the prime factors of 7871?
17, 463
List the prime factors of 41336.
2, 5167
List the prime factors of 5853.
3, 1951
What are the prime factors of 7111?
13, 547
List the prime factors of 51210.
2, 3, 5, 569
What are the prime factors of 3642?
2, 3, 607
List the prime factors of 1067.
11, 97
List the prime factors of 752.
2, 47
List the prime factors of 8087.
8087
List the prime factors of 19724.
2, 4931
List the prime factors of 7288.
2, 911
What are the prime factors of 13863?
3, 4621
List the prime factors of 57181.
211, 271
List the prime factors of 2161.
2161
What are the prime factors of 536?
2, 67
List the prime factors of 3092.
2, 773
List the prime factors of 1735.
5, 347
What are the prime factors of 5817?
3, 7, 277
List the prime factors of 5145.
3, 5, 7
What are the prime factors of 25950?
2, 3, 5, 173
List the prime factors of 1328.
2, 83
List the prime factors of 80172.
2, 3, 17, 131
List the prime factors of 851.
23, 37
What are the prime factors of 612?
2, 3, 17
What are the prime factors of 15672?
2, 3, 653
List the prime factors of 10066.
2, 7, 719
What are the prime factors of 7684?
2, 17, 113
What are the prime factors of 4711?
7, 673
List the prime factors of 866.
2, 433
What are the prime factors of 3151?
23, 137
List the prime factors of 56697.
3, 18899
List the prime factors of 117.
3, 13
List the prime factors of 3869.
53, 73
List the prime factors of 1295.
5, 7, 37
What are the prime factors of 11607?
3, 53, 73
List the prime factors of 46510.
2, 5, 4651
List the prime factors of 8534.
2, 17, 251
List the prime factors of 2410.
2, 5, 241
List the prime factors of 5362.
2, 7, 383
What are the prime factors of 34433?
7, 4919
List the prime factors of 7706.
2, 3853
What are the prime factors of 12291?
3, 17, 241
What are the prime factors of 98720?
2, 5, 617
What are the prime factors of 1213?
1213
What are the prime factors of 261?
3, 29
List the prime factors of 233.
233
What are the prime factors of 1242?
2, 3, 23
What are the prime factors of 175?
5, 7
What are the prime factors of 704?
2, 11
What are the prime factors of 6368?
2, 199
What are the prime factors of 3779?
3779
What are the prime factors of 2129?
2129
What are the prime factors of 184?
2, 23
List the prime factors of 1713.
3, 571
What are the prime factors of 8857?
17, 521
What are the prime factors of 4068?
2, 3, 113
List the prime factors of 1294.
2, 647
What are the prime factors of 532?
2, 7, 19
List the prime factors of 7056.
2, 3, 7
List the prime factors of 1115.
5, 223
What are the prime factors of 1212?
2, 3, 101
List the prime factors of 3934.
2, 7, 281
What are the prime factors of 152?
2, 19
What are the prime factors of 12632?
2, 1579
What are the prime factors of 7432?
2, 929
What are the prime factors of 2706?
2, 3, 11, 41
List the prime factors of 14820.
2, 3, 5, 13, 19
List the prime factors of 5624.
2, 19, 37
What are the prime factors of 6751?
43, 157
What are the prime factors of 438?
2, 3, 73
List the prime factors of 508.
2, 127
What are the prime factors of 36072?
2, 3, 167
What are the prime factors of 35054?
2, 17, 1031
List the prime factors of 32675.
5, 1307
What are the prime factors of 390?
2, 3, 5, 13
List the prime factors of 8065.
5, 1613
List the prime factors of 144.
2, 3
List the prime factors of 2483.
13, 191
What are the prime factors of 1381?
1381
List the prime factors of 3836.
2, 7, 137
What are the prime factors of 18932?
2, 4733
List the prime factors of 314.
2, 157
List the prime factors of 770.
2, 5, 7, 11
What are the prime factors of 26345?
5, 11, 479
List the prime factors of 5062.
2, 2531
What are the prime factors of 21075?
3, 5, 281
What are the prime factors of 2060?
2, 5, 103
What are the prime factors of 83357?
83357
What are the prime factors of 771?
3, 257
What are the prime factors of 2049?
3, 683
List the prime factors of 67192.
2, 37, 227
What are the prime factors of 94067?
109, 863
List the prime factors of 13777.
23, 599
List the prime factors of 75607.
7, 1543
List the prime factors of 31025.
5, 17, 73
List the prime factors of 865.
5, 173
List the prime factors of 18817.
31, 607
List the prime factors of 1082.
2, 541
List the prime factors of 15356.
2, 11, 349
List the prime factors of 2618.
2, 7, 11, 17
List the prime factors of 1270.
2, 5, 127
What are the prime factors of 524?
2, 131
What are the prime factors of 54699?
3, 18233
List the prime factors of 935.
5, 11, 17
List the prime factors of 2602.
2, 1301
List the prime factors of 370.
2, 5, 37
List the prime factors of 47462.
2, 19, 1249
What are the prime factors of 7299?
3, 811
List the prime factors of 93351.
3, 29, 37
What are the prime factors of 519?
3, 173
What are the prime factors of 1358?
2, 7, 97
What are the prime factors of 1061?
1061
List the prime factors of 493.
17, 29
List the prime factors of 7802.
2, 47, 83
List the prime factors of 23834.
2, 17, 701
What are the prime factors of 15813?
3, 7, 251
List the prime factors of 7423.
13, 571
What are the prime factors of 7639?
7639
What are the prime factors of 851?
23, 37
What are the prime factors of 12997?
41, 317
What are the prime factors of 18312?
2, 3, 7, 109
List the prime factors of 3463.
3463
List the prime factors of 28542.
2, 3, 67, 71
List the prime factors of 795.
3, 5, 53
List the prime factors of 291.
3, 97
List the prime factors of 303.
3, 101
What are the prime factors of 981?
3, 109
What are the prime factors of 5344?
2, 167
What are the prime factors of 7074?
2, 3, 131
What are the prime factors of 5566?
2, 11, 23
What are the prime factors of 29979?
3, 3331
List the prime factors of 81329.
167, 487
List the prime factors of 3437.
7, 491
List the prime factors of 63731.
101, 631
List the prime factors of 691.
691
What are the prime factors of 16089?
3, 31, 173
What are the prime factors of 37834?
2, 18917
List the prime factors of 1177.
11, 107
List the prime factors of 1939.
7, 277
What are the prime factors of 84327?
3, 28109
What are the prime factors of 3820?
2, 5, 191
List the prime factors of 9209.
9209
What are the prime factors of 4704?
2, 3, 7
What are the prime factors of 37238?
2, 43, 433
What are the prime factors of 1294?
2, 647
What are the prime factors of 154553?
7, 22079
What are the prime factors of 3438?
2, 3, 191
What are the prime factors of 590?
2, 5, 59
What are the prime factors of 30343?
19, 1597
What are the prime factors of 92184?
2, 3, 23, 167
List the prime factors of 3387.
3, 1129
List the prime factors of 767.
13, 59
List th